+ 206 = 3*h. Suppose c*u - h = 2*f, 2*u - 5*f = -0*u + 51. Is u prime?
True
Let o be (-5 - -6)/(2/2). Let d be (15/(-4))/(o/(-4)). Is (-6)/d - (-187)/5 a composite number?
False
Let g = -108 + 198. Let j = -31 + g. Is j a prime number?
True
Let k = 1 - 5. Is (-558)/k*10/15 a composite number?
True
Let w(o) = 2*o + 5. Let k be w(0). Is 9 - (0 + (3 - k)) prime?
True
Suppose z - 4 + 2 = 0. Is (-1)/(-2)*380/z a prime number?
False
Let y = -75 + 314. Suppose -3*m + y = s, 3*m + 4*s - 403 = -2*m. Is m a prime number?
True
Let o(q) = 10*q**2 - 3*q - 5. Is o(4) a prime number?
False
Suppose 0 = -4*v - 6 + 18. Let u be (-1 - 1)*10/(-4). Suppose u*k + 4*f - 455 = 0, v*k = f - 4*f + 273. Is k prime?
False
Suppose -2*q = -3*c + 9, -3*q - 5*c + 30 = -8*q. Let i = 18 + q. Is 587/i - (-4)/(-18) a prime number?
False
Suppose u - 248 = -3*u. Let r = u - 39. Is r a prime number?
True
Is 78 - (-3 + 4 + -2) prime?
True
Suppose 4*q = -0*q. Let j(a) be the first derivative of a**4/4 + 97*a - 1. Is j(q) a prime number?
True
Is 1 + 2438/5 + (-42)/(-105) composite?
True
Let t = 175 - 56. Is t a prime number?
False
Let p(j) = -j**3 + j**2 + 0*j**3 - 3 - 5*j**2 + 3*j**3. Let g be ((-12)/(-10))/((-8)/(-20)). Is p(g) a composite number?
True
Let a = -58 + 158. Suppose -5*j + a = -0*j. Suppose 1 = -w + j. Is w composite?
False
Suppose 6*h - 2*h - 340 = 0. Is h prime?
False
Let l = 15 + -11. Suppose l*k + 99 = 2*s - 37, -5*k - 83 = -s. Is s a composite number?
True
Suppose 7*f = -6*f + 10855. Is f a composite number?
True
Let v be (-1)/2*388/(-2). Let n = v - 69. Let j = n + -13. Is j a composite number?
True
Is (-200792)/(-64) - 9/24 a prime number?
True
Let d = -195 - -777. Is (3/6)/(3/d) composite?
False
Let q(n) = n**3 + 10*n**2 - 4*n - 15. Let b(l) = -l**3 - 4*l**2 + 7*l. Let k be b(-5). Let s be q(k). Suppose -3*f + 20 = -8*f, -h - 2*f + s = 0. Is h prime?
False
Suppose i + 5*c - 95 = -19, 0 = 5*c + 5. Let d = -113 - -159. Let v = i - d. Is v a prime number?
False
Is (-2)/14 - ((-23662)/14 + -3) composite?
False
Let s = 263 - 114. Is s a composite number?
False
Let a(p) = 38*p**2 + 3*p + 5. Is a(-8) composite?
True
Let b be (-6 + (2 - 0))/(-1). Suppose 5*z = q + z - 16, -b*z = -16. Let g = q + 3. Is g a prime number?
False
Suppose q - 1 = 0, -95 + 5 = -5*f + 5*q. Is f a composite number?
False
Suppose 5*w - 76 = w. Is w prime?
True
Let n = 15 - 10. Is -3 + (-3 + n)*83 prime?
True
Let j(h) be the first derivative of 4*h**3/3 - 4*h**2 - 2*h - 3. Let y be j(6). Let p = y - 7. Is p prime?
False
Let b = -106 + 227. Is b composite?
True
Is -9 - -10 - 516/(-2) a composite number?
True
Suppose 0*w = -5*m - w - 29, 5*m - 2*w = -17. Let k(a) be the third derivative of a**5/15 + a**4/6 - a**3/2 - a**2. Is k(m) composite?
True
Let v = 360 - 508. Let f = v - -228. Is f + (1 + 0 - -2) composite?
False
Let p = -9 + 14. Suppose -15 = -5*w + 2*w. Suppose 66 = 4*c - w*i, p = 3*i - 1. Is c prime?
True
Let l(j) = -19*j - 3. Let o be l(-2). Let v(a) = 36 + 19*a - o - 2*a**2 + a**2. Is v(8) a composite number?
False
Let q = 11 - 6. Suppose -q*m - 665 = -10*m. Is m composite?
True
Let a(g) = 58*g - 3. Is a(2) a prime number?
True
Let s be (-594)/(-10) + 6/(-15). Suppose -3*g - s = -4*y, -5*y + 50 = -0*g + g. Is y composite?
False
Let r(s) = -4*s**2 - 26. Let c(a) be the third derivative of -a**5/60 - 3*a**3/2 - 2*a**2. Let f(t) = 7*c(t) - 2*r(t). Is f(-8) a prime number?
True
Suppose -2*j - 2*g + 3 = -g, 5*g = -5*j - 5. Suppose -4*h + j = 0, 4*h - 4 = c - 2. Suppose -3*x - 1 = -d - 10, 2*x + 2*d + c = 0. Is x composite?
False
Is (1*2)/(22/7909) composite?
False
Let b(l) = l**3 - 7*l**2 + 5*l + 6. Let n(s) = s**2 - 4*s + 1. Let t be n(5). Let r be b(t). Is ((-117)/15 + r)*-5 a prime number?
False
Let j(c) = 2*c**3 - 3*c**2 - c - 4. Let p be j(6). Suppose 2*o - 200 = p. Is o a composite number?
False
Let a(i) = -i**2 - 13*i + 2. Let m be (26/2)/(-1 - 0). Let n be a(m). Is (-4 - 1 - n)*-1 a composite number?
False
Let i = 122 - 78. Let q = 425 - i. Is q prime?
False
Suppose -5*j + 2300 - 655 = 0. Is j a composite number?
True
Is (0 - 1) + ((-3)/3 - -481) a prime number?
True
Is (-10)/(-15) - 2863/(-3) composite?
True
Suppose -3*z + 3*k = -24, -3*k + 31 = 3*z + k. Let u(j) = -j**3 + 10*j**2 + 21*j - 5. Is u(z) composite?
True
Is 0 - (-329 - 2 - 0) a composite number?
False
Let z = 60 + 46. Suppose -3*k = 2*k - 4*a - z, 2*k - 47 = -3*a. Is k composite?
True
Let s = 2083 + -1330. Is s composite?
True
Let r(p) = p + 8. Suppose -21 = 4*a - i + 1, 3*a + 8 = 5*i. Let x be r(a). Suppose 202 + 112 = x*t. Is t prime?
True
Suppose -4 - 126 = -2*y. Is y a composite number?
True
Let d(w) = 182*w - 11. Let a be d(10). Let r = 2776 - a. Is r a composite number?
False
Suppose -5*w = 5*j - 995, w - 228 = -2*j - 32. Is w prime?
False
Suppose 0 = -6*t + t + 10. Is -37*(-2 + -1) - t prime?
True
Let t = -5 - -8. Suppose -2*s - s = t. Is (6/5)/(s/(-5)) a prime number?
False
Let l(x) be the second derivative of 2*x**3/3 + 9*x**2/2 + x. Is l(7) a prime number?
True
Let z = 1110 + -643. Is z prime?
True
Let d = 0 + 4. Let a be 120/d*(-3)/(-3). Is 0 + -1*a/(-3) composite?
True
Let c(t) = 22*t + 2. Let w be c(6). Let d = -87 + w. Is d composite?
False
Let m = -2 - -2. Let c(k) = -k + 24. Let v be c(m). Let u = 77 - v. Is u prime?
True
Suppose -2*h - 10 = 3*h. Let z be (1*-141)/(3/h). Suppose b + 3 - z = 0. Is b composite?
True
Let k = 3 - 5. Let f be 0 - (-3)/(3/k). Is (-2 - -89 - 2) + f a composite number?
False
Let u be 1 - 41*(-5 + 1). Suppose 4*k = 6*k - 4*v + 96, 5*k = -5*v - u. Let w = -19 - k. Is w composite?
False
Is 10/8 - 27594/(-24) prime?
True
Let o = 0 - 0. Let d = 19 - o. Is d a composite number?
False
Suppose -3*a = -4*j - 463, -3*a - 3*j + 733 = 2*a. Is a a prime number?
True
Suppose 0 = -5*i + 2*t + 810 + 485, -i + 4*t + 277 = 0. Is i prime?
True
Suppose 2*d - 50 = 7*d. Let g = -7 - d. Let l = 7 + g. Is l a prime number?
False
Suppose -3*g - 13 = -4. Let f be (-151)/(-4)*(1 - g). Let y = -84 + f. Is y a composite number?
False
Let o = -1 - -4. Suppose o*f - 5*d = 5*f - 43, 58 = 2*f + 2*d. Is f a prime number?
False
Let t = -601 + 1254. Is t prime?
True
Let t(g) = g**3 + 4*g**2 - 3*g - 5. Let j be t(-4). Let h(v) = 18*v - 3. Is h(j) composite?
True
Let w = 331 + -94. Is w a composite number?
True
Let l(j) = -58*j + 6. Is l(-2) prime?
False
Let q be (78/15)/(4/20). Let s = q + 5. Is s a prime number?
True
Let k(s) = 5*s**2 + 26*s - 47. Is k(-22) composite?
False
Suppose 4*j + 0*j = 640. Let x = j - 81. Suppose 3*o - 20 - x = 0. Is o prime?
False
Let b = 145 + -92. Is b a prime number?
True
Suppose -v = -21 - 73. Is v a prime number?
False
Let d = 844 - 416. Suppose -4*x + d = -28. Suppose 0 = 4*a + x - 878. Is a a composite number?
False
Let y = 113 - -36. Is y prime?
True
Let i = 59 + -12. Let q = i - -18. Is q a composite number?
True
Suppose 5*o + 3*h - 430 = -2*h, 0 = 3*o - 2*h - 283. Is o composite?
True
Suppose 0 = 11*z - 21910 - 16513. Is z a prime number?
False
Let a = 0 - -76. Suppose n + 3*n - a = 0. Is n a prime number?
True
Let r be (-1)/2 + 10/4. Let q be (r*-1 - -7) + -1. Suppose 0 = s + q*s - 50. Is s prime?
False
Suppose 5*r - 25 = 5*x, -4*r - 5*x - 2 = 23. Suppose r = 5*d - 3*d - 134. Is d a prime number?
True
Suppose 2*g + 32709 = 3*k - 3*g, -2*g = -4*k + 43612. Is k prime?
True
Suppose -3*n = -8*n + 1465. Is n composite?
False
Let m(f) = -f + 1. Let i be m(-4). Suppose 0 = i*l - 116 + 41. Is 2/(-5) + 1311/l composite?
True
Suppose 2882 = 6*h - 4162. Is h composite?
True
Suppose -70 = -c + 3*s + 74, -460 = -3*c + 2*s. Suppose -2*q + w + 107 = 0, 3*w = 2*q + q - c. Is q prime?
False
Suppose 5*u = 3*u + 20. Is 3/15 - (-788)/u a composite number?
False
Let v(q) = 14*q**3 + 2*q**2 + q + 1. Is v(2) prime?
False
Let v(m) = m + 5. Let w be v(-5). Suppose 4*p - 20 = w, -a + 5*p + 16 = -18. Is a composite?
False
Suppose -r + 4*r - 12 = 0. Let q be r/2 - (-5 + 7). Suppose -i + q*i = -67. Is i a composite number?
False
Suppose 5*o - 797 = -4*g, -5*o - 3*g + 323 = -3*o. Is o composite?
False
Suppose -2*m = -4*y - 8, 2*m = 7*y - 2*y + 7. Suppose -272 = m*u - 2*u. Let h = u - -327. Is h composite?
True
Let x(i) = i**2 - 1. Let m(d) = d**3 - 4*d**2 - 4*d + 2. Let j(b) = -m(b) - 5*x(b). Is j(-4) a 